. Give c(-32).
23
Let x(f) = 3*f**2 - 9*f - 38. Determine x(5).
-8
Let u(y) = -16*y + 105. Give u(6).
9
Let q(f) = 3*f**2 - 47*f + 146. What is q(5)?
-14
Let c(g) = -4*g**2 + 2*g + 89. Give c(0).
89
Let c(b) = -19*b**3 + 3*b**2 + 5*b - 6. What is c(1)?
-17
Let l(q) = -q**2 - 9*q + 2. Calculate l(4).
-50
Let a(f) = 121*f - 960. Give a(8).
8
Let f(k) = 23*k + 119. Calculate f(-6).
-19
Let j(n) = 77*n - 3081. What is j(40)?
-1
Let s(k) = -313*k - 600. Determine s(-2).
26
Let f(g) = -32*g**3 + 3*g**2 - 26*g - 28. Give f(-1).
33
Let s(r) = r**2 - 19*r + 38. Calculate s(17).
4
Let k(u) = -u**2 - 78*u - 339. Give k(-74).
-43
Let q(y) = -2*y**3 - 33*y - 33. Calculate q(-1).
2
Let w(u) = u**2 + 1538*u - 3077. Calculate w(2).
3
Let l(c) = 2*c**3 + 7*c**2 - 24*c + 14. What is l(7)?
875
Let t(q) = 45*q - 12. Determine t(-2).
-102
Let i(z) = z**3 + 2*z**2 + 6*z + 8. Determine i(-4).
-48
Let i(c) = 466*c - 4185. Determine i(9).
9
Let a(x) = 238*x - 4353. Give a(18).
-69
Let m(c) = -c**3 - 37*c**2 + 46*c + 27. What is m(-38)?
-277
Let j(z) = z**3 + 14*z**2 + 7*z - 83. Calculate j(-13).
-5
Let f(q) = -1773*q - 5332. Calculate f(-3).
-13
Let w(v) = 11*v**2 + 3*v - 18. What is w(-2)?
20
Let p(a) = 12*a**3 - 15*a**2 + 9*a - 6. Calculate p(2).
48
Let x(s) = s**3 - 22*s**2 - 39*s - 182. What is x(24)?
34
Let r(h) = -h**2 + 79*h + 1190. Determine r(-13).
-6
Let n(t) = 5*t**3 - 75*t**2 - 82*t + 9. What is n(16)?
-23
Let i(p) = 99*p**2 - 391*p + 6. Determine i(4).
26
Let q(f) = -f**2 - 4*f + 373. Give q(17).
16
Let c(p) = 3*p**3 - 21*p**2 - 19*p + 193. Give c(6).
-29
Let u(q) = 10*q**3 + 2*q**2 - q. Determine u(2).
86
Let m(g) = g**3 + g**2 - 389*g - 23. Determine m(-20).
157
Let j(r) = 7*r + 298. Determine j(-45).
-17
Let j(q) = -20*q**2 - 123*q - 6. What is j(-6)?
12
Let o(c) = -c**3 + 21*c**2 - 83*c + 1. Calculate o(10).
271
Let u(l) = -l**3 - 21*l**2 - 24*l - 139. What is u(-20)?
-59
Let y(d) = d**3 - 12*d**2 - 124*d + 1367. Calculate y(9).
8
Let t(b) = b**3 + 22*b**2 + 42*b - 21. Determine t(-20).
-61
Let b(y) = y**2 + 11*y - 201. What is b(11)?
41
Let c(h) = h**2 + 71*h + 1. What is c(0)?
1
Let x(g) = 2*g**2 - 396*g + 3113. Calculate x(8).
73
Let j(c) = c**2 - 9*c - 218. Determine j(25).
182
Let l(g) = 25*g + 166. Calculate l(-10).
-84
Let o(p) = -57*p + 283. Determine o(11).
-344
Let f(y) = 3*y**3 + y**2 - 287*y + 569. Calculate f(2).
23
Let q(b) = -12*b + 24. Give q(-3).
60
Let s(t) = -449*t + 457. Calculate s(1).
8
Let a(d) = d**2 + 56*d + 756. Give a(-29).
-27
Let t(u) = u**3 + 9*u**2 + 43*u + 95. Give t(-6).
-55
Let x(h) = h**2 - 250*h - 2601. What is x(-10)?
-1
Let a(b) = -395*b - 6720. Give a(-17).
-5
Let p(c) = 16*c - 1003. What is p(32)?
-491
Let t(g) = g**3 - 56*g**2 - 978*g - 113. Calculate t(70).
27
Let k(t) = -2*t**3 - 27*t**2 - 57*t - 14. Calculate k(-11).
8
Let t(r) = r**3 - 13*r**2 + 43*r - 24. Give t(8).
0
Let u(q) = q**2 - 1797*q - 23520. What is u(-13)?
10
Let a(i) = 47*i - 272. Give a(7).
57
Let z(v) = -8*v**2 - 74*v - 14. Give z(-9).
4
Let h(t) = -891*t + 3624. Determine h(4).
60
Let d(x) = -18*x**2 - 3741*x + 566. Give d(-208).
-58
Let v(u) = -7*u**2 - 85*u - 116. Determine v(-12).
-104
Let u(v) = -16*v + 380. Determine u(20).
60
Let i(r) = -r**3 + 357*r**2 - 1083*r + 7424. Determine i(354).
-10
Let y(b) = b**2 - 73*b + 666. What is y(56)?
-286
Let y(p) = -p**2 + 414*p - 1221. What is y(3)?
12
Let s(w) = 81*w**2 - 84*w - 2. Determine s(-1).
163
Let h(r) = -4*r**2 + 167*r - 1749. Give h(20).
-9
Let q(m) = m**2 + 8345*m + 8345. Determine q(-1).
1
Let q(j) = -j**3 - 21*j**2 - 16*j + 34. Give q(-20).
-46
Let o(h) = h**3 + 35*h**2 - 75*h - 38. Calculate o(-37).
-1
Let o(n) = 112*n - 1113. Calculate o(10).
7
Let m(k) = -3*k**3 - 19*k**2 + 11*k + 92. Calculate m(-6).
-10
Let y(v) = -v**2 - 14*v + 548. Calculate y(17).
21
Let u(l) = 74*l**2 - 1564*l + 206. Determine u(21).
-4
Let z(j) = 3837*j + 46041. Determine z(-12).
-3
Let c(m) = 3*m**3 - 11*m**2 - 18*m + 168. Determine c(7).
532
Let g(o) = 2*o**3 - 50*o**2 + 9*o - 212. Calculate g(25).
13
Let r(c) = -55*c**3 + 3*c**2 + 4*c + 3. Give r(-1).
57
Let y(u) = 102*u + 1242. What is y(-12)?
18
Let o(v) = 14*v**3 + 153*v**2 + 415*v + 15. Give o(-6).
9
Let o(g) = -61*g + 138. Give o(5).
-167
Let z(o) = -62*o - 121. Determine z(-2).
3
Let r(v) = v**2 + 61*v + 871. Determine r(-36).
-29
Let u(w) = w**3 - 7*w**2 - 2*w - 28. Give u(9).
116
Let y(u) = -56*u**2 + 8*u - 7. Calculate y(1).
-55
Let f(x) = 4539*x + 27206. Calculate f(-6).
-28
Let i(n) = 116*n - 4237. Give i(37).
55
Let h(n) = 2*n**3 + 74*n**2 - 1695*n + 28. Calculate h(-53).
-25
Let n(p) = -2*p**3 + 208*p**2 + 22*p - 2292. What is n(104)?
-4
Let a(h) = 16*h**2 - 34*h + 66. Calculate a(2).
62
Let w(d) = -2*d**3 + 93*d**2 + 346*d + 218. Calculate w(50).
18
Let z(m) = 16*m**3 - m**2 - 8*m - 16. Determine z(-2).
-132
Let z(x) = 449*x - 1680. Calculate z(4).
116
Let i(j) = j**2 - 277*j - 1422. Determine i(-5).
-12
Let g(l) = -l**2 + 36*l - 61. What is g(30)?
119
Let r(j) = j + 51. What is r(-64)?
-13
Let i(b) = -b**3 - 49*b**2 - 261*b - 135. Give i(-43).
-6
Let q(s) = -s**3 + 34*s**2 + 6*s + 1. Calculate q(34).
205
Let u(t) = -2122*t - 14844. Determine u(-7).
10
Let z(l) = -4*l - 63. What is z(-46)?
121
Let w(l) = 19*l + 200. Calculate w(-11).
-9
Let t(p) = p**3 - 8*p**2 - 12*p - 19. Give t(0).
-19
Let t(y) = -3092*y + 74203. Determine t(24).
-5
Let f(z) = -z**3 - 11*z**2 + 33*z + 15. What is f(-13)?
-76
Let n(b) = -3*b**2 + 34*b - 62. Determine n(13).
-127
Let b(a) = a**2 + 3561*a - 35716. Give b(10).
-6
Let k(q) = 47*q**3 + 4*q**2 + 24*q - 28. Calculate k(1).
47
Let d(u) = 388*u - 20570. Calculate d(53).
-6
Let l(c) = -304*c - 268. Calculate l(-1).
36
Let m(i) = 353*i + 17869. What is m(-51)?
-134
Let v(p) = -p**3 + 9*p**2 - p + 8. Give v(8).
64
Let n(o) = -5*o**3 + 252*o**2 - 101*o + 50. Calculate n(50).
0
Let t(a) = -a**3 - 7*a**2 + 29*a + 200. Determine t(-7).
-3
Let l(a) = -3*a**3 + 164*a**2 + 57*a - 99. Determine l(55).
11
Let z(m) = 187*m - 6354. What is z(34)?
4
Let t(z) = 4*z**2 + 129*z - 404. What is t(-35)?
-19
Let j(m) = -3*m**2 + 115*m + 59. Give j(39).
-19
Let h(a) = 640*a - 11492. Give h(18).
28
Let s(g) = 8*g**3 - 29*g**2 + 16*g + 15. Determine s(3).
18
Let t(w) = -107*w**3 + 2*w**2 - 2*w + 3. Determine t(1).
-104
Let w(c) = -c**2 - 22*c - 26. What is w(-24)?
-74
Let w(o) = -o**2 + 176*o - 7563. Calculate w(74).
-15
Let n(o) = -3*o**3 - 37*o**2 - 39*o - 5. Determine n(-11).
-60
Let u(o) = -o**3 + 38*o**2 + 314*o - 2191. What is u(44)?
9
Let s(w) = -w**3 - 72*w**2 + 300*w - 303. What is s(-76)?
1
Let y(z) = z**3 + 8*z**2 + 23*z + 19. Calculate y(-6).
-47
Let a(s) = -126*s - 2014. Determine a(-16).
2
Let n(j) = -j**3 - 92*j**2 + 90*j - 63. Calculate n(-93).
216
Let t(w) = 62*w + 96. What is t(-2)?
-28
Let t(z) = 3*z**2 + 44*z - 24. Determine t(-16).
40
Let a(n) = -n + 93. Give a(-17).
110
Let g(l) = 4970*l + 44756. Calculate g(-9).
26
Let z(l) = -14*l - 210. Give z(-16).
14
Let d(o) = 51*o + 90. Determine d(-6).
-216
Let n(p) = 2*p**2 + 120*p - 708. Give n(6).
84
Let m(v) = -6*v**2 - 12*v + 8. Determine m(1).
-10
Let t(n) = 75*n - 1886. Calculate t(25).
-11
Let k(j) = 31*j**2 + 371*j + 327. Give k(-11).
-3
Let w(h) = -h**2 + 30*h + 141. Give w(-5).
-34
Let h(d) = -19*d**2 + 872*d + 11. What is h(46)?
-81
Let v(i) = -i**3 + 3*i**2 + 166*i - 876. What is v(9)?
132
Let u(w) = -446*w - 5802. Calculate u(-13).
-4
Let j(a) = -a**3 + 23*a**2 + 4*a + 122. Give j(23).
214
Let p(r) = -r**2 - 12*r - 67. Determine p(-5).
-32
Let j(c) = 72*c + 3450. What is j(-48)?
-6
Let n(z) = 4*z**2 + 13*z - 4. Calculate n(-3).
-7
Let r(s) = -s**2 - 10*s + 93. Determine r(-16).
-3
Let w(i) = -i**3 - 8*i**2 - 2*i - 86. What is w(-9)?
13
Let t(a) = -a**3 + 2*a**2 + 18*a + 11. Give t(-5).
96
Let g(k) = -3*k**2 - 11*k - 6. Give g(-9).
-150
Let j(t) = t**2 - 69*t - 74. What is j(70)?
-4
Let k(a) = -2*a**2 + 106*a + 520. Give k(58).
-60
Let k(l) = -l**2 + 1794*l + 3589. Give k(-2).
-3
Let n(g) = 163*g + 32. Give n(-2).
-294
Let b(t) = -26*t**3 - 2*t**2 - 3*t + 6. Give b(1).
-25
Let z(o) = -764*o + 4513. Determine z(6).
-71
Let q(v) = 90*v + 695. Give q(-7).
65
Let n(o) = 92*o**3 + 2*o**2 + 4*o - 4. Calculate n(1).
94
Let a(j) = -577*j + 141364. Determine a(245).
